{"id":1947,"date":"2024-08-26T12:34:23","date_gmt":"2024-08-26T12:34:23","guid":{"rendered":"https:\/\/surtiriegofacatativa.com\/?page_id=1947"},"modified":"2024-10-17T12:31:23","modified_gmt":"2024-10-17T12:31:23","slug":"nosotros","status":"publish","type":"page","link":"https:\/\/surtiriegofacatativa.com\/?page_id=1947","title":{"rendered":"Nosotros"},"content":{"rendered":"\t\t<div data-elementor-type=\"wp-page\" data-elementor-id=\"1947\" class=\"elementor elementor-1947\" data-elementor-post-type=\"page\">\n\t\t\t\t\t\t<section class=\"elementor-section elementor-top-section elementor-element elementor-element-2dd34988 elementor-section-height-min-height elementor-section-content-middle elementor-section-full_width elementor-section-height-default elementor-section-items-middle\" data-id=\"2dd34988\" data-element_type=\"section\" data-e-type=\"section\" data-settings=\"{&quot;background_background&quot;:&quot;classic&quot;,&quot;_ob_glider_is_slider&quot;:&quot;no&quot;}\">\n\t\t\t\t\t\t\t<div class=\"elementor-background-overlay\"><\/div>\n\t\t\t\t\t\t\t<div class=\"elementor-container elementor-column-gap-default\">\n\t\t\t\t\t<div class=\"elementor-column elementor-col-100 elementor-top-column elementor-element elementor-element-6ec1ea30 elementor-invisible\" data-id=\"6ec1ea30\" data-element_type=\"column\" data-e-type=\"column\" data-settings=\"{&quot;animation&quot;:&quot;fadeIn&quot;,&quot;_ob_column_hoveranimator&quot;:&quot;no&quot;,&quot;_ob_column_has_pseudo&quot;:&quot;no&quot;}\">\n\t\t\t<div class=\"elementor-widget-wrap elementor-element-populated\">\n\t\t\t\t\t\t<div class=\"elementor-element elementor-element-374e81e9 ob-harakiri-inherit ob-has-background-overlay elementor-widget elementor-widget-heading\" data-id=\"374e81e9\" data-element_type=\"widget\" data-e-type=\"widget\" data-settings=\"{&quot;_ob_use_harakiri&quot;:&quot;yes&quot;,&quot;_ob_harakiri_writing_mode&quot;:&quot;inherit&quot;,&quot;_ob_harakiri_text_clip&quot;:&quot;none&quot;,&quot;_ob_widget_stalker_use&quot;:&quot;no&quot;,&quot;_ob_poopart_use&quot;:&quot;yes&quot;,&quot;_ob_shadough_use&quot;:&quot;no&quot;,&quot;_ob_allow_hoveranimator&quot;:&quot;no&quot;}\" data-widget_type=\"heading.default\">\n\t\t\t\t<div class=\"elementor-widget-container\">\n\t\t\t\t\t<h1 class=\"elementor-heading-title elementor-size-xl\">Nosotros<\/h1>\t\t\t\t<\/div>\n\t\t\t\t<\/div>\n\t\t\t\t<section class=\"elementor-section elementor-inner-section elementor-element elementor-element-6802c895 elementor-section-boxed elementor-section-height-default elementor-section-height-default\" data-id=\"6802c895\" data-element_type=\"section\" data-e-type=\"section\" data-settings=\"{&quot;_ob_glider_is_slider&quot;:&quot;no&quot;}\">\n\t\t\t\t\t\t<div class=\"elementor-container elementor-column-gap-default\">\n\t\t\t\t\t<div class=\"elementor-column elementor-col-100 elementor-inner-column elementor-element elementor-element-68ddecaf\" data-id=\"68ddecaf\" data-element_type=\"column\" data-e-type=\"column\" data-settings=\"{&quot;_ob_column_hoveranimator&quot;:&quot;no&quot;,&quot;_ob_column_has_pseudo&quot;:&quot;no&quot;}\">\n\t\t\t<div class=\"elementor-widget-wrap elementor-element-populated\">\n\t\t\t\t\t\t<div class=\"elementor-element elementor-element-7d7a25ca elementor-view-default ob-has-background-overlay elementor-widget elementor-widget-icon\" data-id=\"7d7a25ca\" data-element_type=\"widget\" data-e-type=\"widget\" data-settings=\"{&quot;_ob_widget_stalker_use&quot;:&quot;no&quot;,&quot;_ob_poopart_use&quot;:&quot;yes&quot;,&quot;_ob_shadough_use&quot;:&quot;no&quot;,&quot;_ob_allow_hoveranimator&quot;:&quot;no&quot;}\" data-widget_type=\"icon.default\">\n\t\t\t\t<div class=\"elementor-widget-container\">\n\t\t\t\t\t\t\t<div class=\"elementor-icon-wrapper\">\n\t\t\t<div class=\"elementor-icon\">\n\t\t\t\t\t\t\t<i class=\"fa fa-angle-down\" aria-hidden=\"true\"><\/i>\n\t\t\t\t\t\t<\/div>\n\t\t<\/div>\n\t\t\t\t\t\t<\/div>\n\t\t\t\t<\/div>\n\t\t\t\t\t<\/div>\n\t\t<\/div>\n\t\t\t\t\t<\/div>\n\t\t<\/section>\n\t\t\t\t\t<\/div>\n\t\t<\/div>\n\t\t\t\t\t<\/div>\n\t\t<\/section>\n\t\t\t\t<section class=\"elementor-section elementor-top-section elementor-element elementor-element-5f092ab elementor-section-full_width elementor-section-height-default elementor-section-height-default\" data-id=\"5f092ab\" data-element_type=\"section\" data-e-type=\"section\" data-settings=\"{&quot;background_background&quot;:&quot;classic&quot;,&quot;_ob_glider_is_slider&quot;:&quot;no&quot;}\">\n\t\t\t\t\t\t<div class=\"elementor-container elementor-column-gap-default\">\n\t\t\t\t\t<div class=\"elementor-column elementor-col-100 elementor-top-column elementor-element elementor-element-1bf9f0a0\" data-id=\"1bf9f0a0\" data-element_type=\"column\" data-e-type=\"column\" data-settings=\"{&quot;_ob_column_hoveranimator&quot;:&quot;no&quot;,&quot;_ob_column_has_pseudo&quot;:&quot;no&quot;}\">\n\t\t\t<div class=\"elementor-widget-wrap elementor-element-populated\">\n\t\t\t\t\t\t<div class=\"elementor-element elementor-element-4d4fe60b elementor-hidden-phone ob-has-background-overlay elementor-widget elementor-widget-spacer\" data-id=\"4d4fe60b\" data-element_type=\"widget\" data-e-type=\"widget\" data-settings=\"{&quot;_ob_spacerat_use&quot;:&quot;no&quot;,&quot;_ob_widget_stalker_use&quot;:&quot;no&quot;,&quot;_ob_poopart_use&quot;:&quot;yes&quot;,&quot;_ob_shadough_use&quot;:&quot;no&quot;,&quot;_ob_allow_hoveranimator&quot;:&quot;no&quot;}\" data-widget_type=\"spacer.default\">\n\t\t\t\t<div class=\"elementor-widget-container\">\n\t\t\t\t\t\t\t<div class=\"elementor-spacer\">\n\t\t\t<div class=\"elementor-spacer-inner\"><\/div>\n\t\t<\/div>\n\t\t\t\t\t\t<\/div>\n\t\t\t\t<\/div>\n\t\t\t\t\t<\/div>\n\t\t<\/div>\n\t\t\t\t\t<\/div>\n\t\t<\/section>\n\t\t<div class=\"elementor-element elementor-element-2f4c99f elementor-hidden-tablet elementor-hidden-mobile e-flex e-con-boxed e-con e-parent\" data-id=\"2f4c99f\" data-element_type=\"container\" data-e-type=\"container\" data-settings=\"{&quot;position&quot;:&quot;fixed&quot;,&quot;_ob_use_container_extras&quot;:&quot;no&quot;,&quot;_ob_column_hoveranimator&quot;:&quot;no&quot;,&quot;_ob_glider_is_slider&quot;:&quot;no&quot;,&quot;_ob_column_has_pseudo&quot;:&quot;no&quot;}\">\n\t\t\t\t\t<div class=\"e-con-inner\">\n\t\t<div class=\"elementor-element elementor-element-d4a6418 e-con-full e-flex e-con e-child\" data-id=\"d4a6418\" data-element_type=\"container\" data-e-type=\"container\" data-settings=\"{&quot;_ob_use_container_extras&quot;:&quot;no&quot;,&quot;_ob_column_hoveranimator&quot;:&quot;no&quot;,&quot;_ob_glider_is_slider&quot;:&quot;no&quot;,&quot;_ob_column_has_pseudo&quot;:&quot;no&quot;}\">\n\t\t\t\t<div class=\"elementor-element elementor-element-ee30102 ob-has-background-overlay elementor-widget elementor-widget-image\" data-id=\"ee30102\" data-element_type=\"widget\" data-e-type=\"widget\" data-settings=\"{&quot;_ob_photomorph_use&quot;:&quot;no&quot;,&quot;_ob_widget_stalker_use&quot;:&quot;no&quot;,&quot;_ob_poopart_use&quot;:&quot;yes&quot;,&quot;_ob_shadough_use&quot;:&quot;no&quot;,&quot;_ob_allow_hoveranimator&quot;:&quot;no&quot;}\" data-widget_type=\"image.default\">\n\t\t\t\t<div class=\"elementor-widget-container\">\n\t\t\t\t\t\t\t\t\t\t\t\t\t\t\t<img fetchpriority=\"high\" decoding=\"async\" width=\"512\" height=\"512\" src=\"https:\/\/surtiriegofacatativa.com\/wp-content\/uploads\/2023\/04\/cropped-cropped-LOGO-SURTIRIEGO-2022-1.png\" class=\"attachment-large size-large wp-image-1300\" alt=\"\" srcset=\"https:\/\/surtiriegofacatativa.com\/wp-content\/uploads\/2023\/04\/cropped-cropped-LOGO-SURTIRIEGO-2022-1.png 512w, https:\/\/surtiriegofacatativa.com\/wp-content\/uploads\/2023\/04\/cropped-cropped-LOGO-SURTIRIEGO-2022-1-300x300.png 300w, https:\/\/surtiriegofacatativa.com\/wp-content\/uploads\/2023\/04\/cropped-cropped-LOGO-SURTIRIEGO-2022-1-150x150.png 150w, https:\/\/surtiriegofacatativa.com\/wp-content\/uploads\/2023\/04\/elementor\/thumbs\/cropped-cropped-LOGO-SURTIRIEGO-2022-1-q5kvn979rbbm0qm6yqjqyurp1wldd4s86bumiou1uw.png 100w, https:\/\/surtiriegofacatativa.com\/wp-content\/uploads\/2023\/04\/cropped-cropped-LOGO-SURTIRIEGO-2022-1-270x270.png 270w, https:\/\/surtiriegofacatativa.com\/wp-content\/uploads\/2023\/04\/cropped-cropped-LOGO-SURTIRIEGO-2022-1-192x192.png 192w, https:\/\/surtiriegofacatativa.com\/wp-content\/uploads\/2023\/04\/cropped-cropped-LOGO-SURTIRIEGO-2022-1-180x180.png 180w, https:\/\/surtiriegofacatativa.com\/wp-content\/uploads\/2023\/04\/cropped-cropped-LOGO-SURTIRIEGO-2022-1-32x32.png 32w, https:\/\/surtiriegofacatativa.com\/wp-content\/uploads\/2023\/04\/elementor\/thumbs\/cropped-cropped-LOGO-SURTIRIEGO-2022-1-q5kvn978uf8ab8hw5jwddsmx9wfndbdfrheqwmz4u2.png 25w, https:\/\/surtiriegofacatativa.com\/wp-content\/uploads\/2023\/04\/elementor\/thumbs\/cropped-cropped-LOGO-SURTIRIEGO-2022-1-q5kvn9795dxe7qjbra45wtcij8hk196d8fk1fzlfuc.png 50w\" sizes=\"(max-width: 512px) 100vw, 512px\" \/>\t\t\t\t\t\t\t\t\t\t\t\t\t\t\t<\/div>\n\t\t\t\t<\/div>\n\t\t\t\t<\/div>\n\t\t<div class=\"elementor-element elementor-element-85a67d7 e-con-full e-flex e-con e-child\" data-id=\"85a67d7\" data-element_type=\"container\" data-e-type=\"container\" data-settings=\"{&quot;_ob_use_container_extras&quot;:&quot;no&quot;,&quot;_ob_column_hoveranimator&quot;:&quot;no&quot;,&quot;_ob_glider_is_slider&quot;:&quot;no&quot;,&quot;_ob_column_has_pseudo&quot;:&quot;no&quot;}\">\n\t\t\t\t<div class=\"elementor-element elementor-element-0b127cc ob-has-background-overlay elementor-widget elementor-widget-bdt-navbar\" data-id=\"0b127cc\" data-element_type=\"widget\" data-e-type=\"widget\" data-settings=\"{&quot;_ob_widget_stalker_use&quot;:&quot;no&quot;,&quot;_ob_poopart_use&quot;:&quot;yes&quot;,&quot;_ob_shadough_use&quot;:&quot;no&quot;,&quot;_ob_allow_hoveranimator&quot;:&quot;no&quot;}\" data-widget_type=\"bdt-navbar.default\">\n\t\t\t\t<div class=\"elementor-widget-container\">\n\t\t\t\t\t\t\t<div class=\"bdt-navbar-wrapper\">\r\n\t\t\t<nav class=\"bdt-navbar-container bdt-navbar bdt-navbar-transparent\" data-bdt-navbar=\"{&quot;align&quot;:&quot;left&quot;,&quot;delay-hide&quot;:800,&quot;duration&quot;:200}\">\r\n\t\t\t\t<ul class=\"bdt-navbar-nav\"><li style=\"\" data-id=\"2134\"><a href=\"https:\/\/surtiriegofacatativa.com\/\">Inicio<\/a><\/li><li style=\"\" data-id=\"2406\"><a href=\"https:\/\/surtiriegofacatativa.com\/?page_id=2260\">Productos<\/a><\/li><li style=\"\" data-id=\"2132\"><a href=\"https:\/\/surtiriegofacatativa.com\/?page_id=1947\">Nosotros<\/a><\/li><li style=\"\" data-id=\"2133\"><a href=\"https:\/\/surtiriegofacatativa.com\/?page_id=1880\">Cont\u00e1ctenos<\/a><\/li><\/ul>\t\t\t<\/nav>\r\n\t\t<\/div>\r\n\t\t\t\t\t\t<\/div>\n\t\t\t\t<\/div>\n\t\t\t\t<\/div>\n\t\t<div class=\"elementor-element elementor-element-2f67254 e-con-full e-flex e-con e-child\" data-id=\"2f67254\" data-element_type=\"container\" data-e-type=\"container\" data-settings=\"{&quot;_ob_use_container_extras&quot;:&quot;no&quot;,&quot;_ob_column_hoveranimator&quot;:&quot;no&quot;,&quot;_ob_glider_is_slider&quot;:&quot;no&quot;,&quot;_ob_column_has_pseudo&quot;:&quot;no&quot;}\">\n\t\t\t\t<div class=\"elementor-element elementor-element-3ead443 ob-has-background-overlay elementor-widget elementor-widget-bdt-navbar\" data-id=\"3ead443\" data-element_type=\"widget\" data-e-type=\"widget\" data-settings=\"{&quot;_ob_widget_stalker_use&quot;:&quot;no&quot;,&quot;_ob_poopart_use&quot;:&quot;yes&quot;,&quot;_ob_shadough_use&quot;:&quot;no&quot;,&quot;_ob_allow_hoveranimator&quot;:&quot;no&quot;}\" data-widget_type=\"bdt-navbar.default\">\n\t\t\t\t<div class=\"elementor-widget-container\">\n\t\t\t\t\t\t\t<div class=\"bdt-navbar-wrapper\">\r\n\t\t\t<nav class=\"bdt-navbar-container bdt-navbar bdt-navbar-transparent\" data-bdt-navbar=\"{&quot;align&quot;:&quot;left&quot;,&quot;delay-hide&quot;:800,&quot;duration&quot;:200}\">\r\n\t\t\t\t<ul class=\"bdt-navbar-nav\"><li style=\"\" data-id=\"2531\"><a href=\"https:\/\/surtiriegofacatativa.com\/?page_id=2335\">Guada\u00f1as<\/a><\/li><li style=\"\" data-id=\"2530\"><a href=\"https:\/\/surtiriegofacatativa.com\/?page_id=2446\">Motosierras<\/a><\/li><li style=\"\" data-id=\"2529\"><a href=\"https:\/\/surtiriegofacatativa.com\/?page_id=2464\">Fumigadoras<\/a><\/li><li style=\"\" data-id=\"2528\"><a href=\"https:\/\/surtiriegofacatativa.com\/?page_id=2481\">Generadores<\/a><\/li><li style=\"\" data-id=\"2527\"><a href=\"https:\/\/surtiriegofacatativa.com\/?page_id=2490\">Motores<\/a><\/li><li style=\"\" data-id=\"2526\"><a href=\"https:\/\/surtiriegofacatativa.com\/?page_id=2497\">Motobombas<\/a><\/li><\/ul>\t\t\t<\/nav>\r\n\t\t<\/div>\r\n\t\t\t\t\t\t<\/div>\n\t\t\t\t<\/div>\n\t\t\t\t<\/div>\n\t\t\t\t\t<\/div>\n\t\t\t\t<\/div>\n\t\t<div class=\"elementor-element elementor-element-c70dfc6 elementor-hidden-desktop e-flex e-con-boxed e-con e-parent\" data-id=\"c70dfc6\" data-element_type=\"container\" data-e-type=\"container\" data-settings=\"{&quot;position&quot;:&quot;fixed&quot;,&quot;_ob_use_container_extras&quot;:&quot;no&quot;,&quot;_ob_column_hoveranimator&quot;:&quot;no&quot;,&quot;_ob_glider_is_slider&quot;:&quot;no&quot;,&quot;_ob_column_has_pseudo&quot;:&quot;no&quot;}\">\n\t\t\t\t\t<div class=\"e-con-inner\">\n\t\t<div class=\"elementor-element elementor-element-8f20c43 e-con-full e-flex e-con e-child\" data-id=\"8f20c43\" data-element_type=\"container\" data-e-type=\"container\" data-settings=\"{&quot;_ob_use_container_extras&quot;:&quot;no&quot;,&quot;_ob_column_hoveranimator&quot;:&quot;no&quot;,&quot;_ob_glider_is_slider&quot;:&quot;no&quot;,&quot;_ob_column_has_pseudo&quot;:&quot;no&quot;}\">\n\t\t\t\t<div class=\"elementor-element elementor-element-00d9ec9 eael_simple_menu_hamburger_disable_selected_menu_hide eael-simple-menu-hamburger-align-right eael-hamburger--tablet ob-has-background-overlay elementor-widget elementor-widget-eael-simple-menu\" data-id=\"00d9ec9\" data-element_type=\"widget\" data-e-type=\"widget\" data-settings=\"{&quot;_ob_widget_stalker_use&quot;:&quot;no&quot;,&quot;_ob_poopart_use&quot;:&quot;yes&quot;,&quot;_ob_shadough_use&quot;:&quot;no&quot;,&quot;_ob_allow_hoveranimator&quot;:&quot;no&quot;}\" data-widget_type=\"eael-simple-menu.default\">\n\t\t\t\t<div class=\"elementor-widget-container\">\n\t\t\t\t\t<style>\n                        @media screen and (max-width: 1024px) {\n                            .eael-hamburger--tablet {\n                                .eael-simple-menu-horizontal,\n                                .eael-simple-menu-vertical {\n                                    display: none;\n                                }\n                            }\n                            .eael-hamburger--tablet {\n                                .eael-simple-menu-container .eael-simple-menu-toggle {\n                                    display: block;\n                                }\n                            }\n                        }\n                        .eael-simple-menu-container.eael-simple-menu--loading > ul {\n                            display: -webkit-box !important;\n                            display: -ms-flexbox !important;\n                            display: flex !important;\n                            list-style: none !important;\n                        }\n                        .eael-simple-menu-container.eael-simple-menu--loading li ul {\n                            visibility: hidden !important;\n                            opacity: 0 !important;\n                        }\n                    <\/style>            <div data-hamburger-icon=\"&lt;svg aria-hidden=&quot;true&quot; class=&quot;e-font-icon-svg e-fas-bars&quot; viewBox=&quot;0 0 448 512&quot; xmlns=&quot;http:\/\/www.w3.org\/2000\/svg&quot;&gt;&lt;path d=&quot;M16 132h416c8.837 0 16-7.163 16-16V76c0-8.837-7.163-16-16-16H16C7.163 60 0 67.163 0 76v40c0 8.837 7.163 16 16 16zm0 160h416c8.837 0 16-7.163 16-16v-40c0-8.837-7.163-16-16-16H16c-8.837 0-16 7.163-16 16v40c0 8.837 7.163 16 16 16zm0 160h416c8.837 0 16-7.163 16-16v-40c0-8.837-7.163-16-16-16H16c-8.837 0-16 7.163-16 16v40c0 8.837 7.163 16 16 16z&quot;&gt;&lt;\/path&gt;&lt;\/svg&gt;\" data-indicator-icon=\"&lt;svg aria-hidden=&quot;true&quot; class=&quot;e-font-icon-svg e-fas-angle-down&quot; viewBox=&quot;0 0 320 512&quot; xmlns=&quot;http:\/\/www.w3.org\/2000\/svg&quot;&gt;&lt;path d=&quot;M143 352.3L7 216.3c-9.4-9.4-9.4-24.6 0-33.9l22.6-22.6c9.4-9.4 24.6-9.4 33.9 0l96.4 96.4 96.4-96.4c9.4-9.4 24.6-9.4 33.9 0l22.6 22.6c9.4 9.4 9.4 24.6 0 33.9l-136 136c-9.2 9.4-24.4 9.4-33.8 0z&quot;&gt;&lt;\/path&gt;&lt;\/svg&gt;\" data-dropdown-indicator-icon=\"&lt;svg class=&quot;e-font-icon-svg e-fas-angle-down&quot; viewBox=&quot;0 0 320 512&quot; xmlns=&quot;http:\/\/www.w3.org\/2000\/svg&quot;&gt;&lt;path d=&quot;M143 352.3L7 216.3c-9.4-9.4-9.4-24.6 0-33.9l22.6-22.6c9.4-9.4 24.6-9.4 33.9 0l96.4 96.4 96.4-96.4c9.4-9.4 24.6-9.4 33.9 0l22.6 22.6c9.4 9.4 9.4 24.6 0 33.9l-136 136c-9.2 9.4-24.4 9.4-33.8 0z&quot;&gt;&lt;\/path&gt;&lt;\/svg&gt;\" class=\"eael-simple-menu-container eael-simple-menu--loading eael-simple-menu-align-left eael-simple-menu-dropdown-align-left preset-1\" data-hamburger-breakpoints=\"{&quot;mobile&quot;:&quot;Mobile Portrait (&gt; 767px)&quot;,&quot;tablet&quot;:&quot;Tablet Portrait (&gt; 1024px)&quot;,&quot;desktop&quot;:&quot;Desktop (&gt; 2400px)&quot;,&quot;none&quot;:&quot;Ninguno&quot;}\" data-hamburger-device=\"tablet\">\n                <ul id=\"menu-menu-principal-1\" class=\"eael-simple-menu eael-simple-menu-dropdown-animate-to-top eael-simple-menu-indicator eael-simple-menu-horizontal\"><li class=\"menu-item menu-item-type-post_type menu-item-object-page menu-item-home menu-item-2134\"><a href=\"https:\/\/surtiriegofacatativa.com\/\">Inicio<\/a><\/li>\n<li class=\"menu-item menu-item-type-post_type menu-item-object-page menu-item-2406\"><a href=\"https:\/\/surtiriegofacatativa.com\/?page_id=2260\">Productos<\/a><\/li>\n<li class=\"menu-item menu-item-type-post_type menu-item-object-page menu-item-2132\"><a href=\"https:\/\/surtiriegofacatativa.com\/?page_id=1947\">Nosotros<\/a><\/li>\n<li class=\"menu-item menu-item-type-post_type menu-item-object-page menu-item-2133\"><a href=\"https:\/\/surtiriegofacatativa.com\/?page_id=1880\">Cont\u00e1ctenos<\/a><\/li>\n<\/ul>                <button class=\"eael-simple-menu-toggle\">\n                    <span class=\"sr-only \">Hamburger Toggle Menu<\/span>\n                    <svg aria-hidden=\"true\" class=\"e-font-icon-svg e-fas-bars\" viewBox=\"0 0 448 512\" xmlns=\"http:\/\/www.w3.org\/2000\/svg\"><path d=\"M16 132h416c8.837 0 16-7.163 16-16V76c0-8.837-7.163-16-16-16H16C7.163 60 0 67.163 0 76v40c0 8.837 7.163 16 16 16zm0 160h416c8.837 0 16-7.163 16-16v-40c0-8.837-7.163-16-16-16H16c-8.837 0-16 7.163-16 16v40c0 8.837 7.163 16 16 16zm0 160h416c8.837 0 16-7.163 16-16v-40c0-8.837-7.163-16-16-16H16c-8.837 0-16 7.163-16 16v40c0 8.837 7.163 16 16 16z\"><\/path><\/svg>                <\/button>\n            <\/div>\n            \t\t\t\t<\/div>\n\t\t\t\t<\/div>\n\t\t\t\t<\/div>\n\t\t\t\t<div class=\"elementor-element elementor-element-961df63 ob-has-background-overlay elementor-widget elementor-widget-image\" data-id=\"961df63\" data-element_type=\"widget\" data-e-type=\"widget\" data-settings=\"{&quot;_ob_photomorph_use&quot;:&quot;no&quot;,&quot;_ob_widget_stalker_use&quot;:&quot;no&quot;,&quot;_ob_poopart_use&quot;:&quot;yes&quot;,&quot;_ob_shadough_use&quot;:&quot;no&quot;,&quot;_ob_allow_hoveranimator&quot;:&quot;no&quot;}\" data-widget_type=\"image.default\">\n\t\t\t\t<div class=\"elementor-widget-container\">\n\t\t\t\t\t\t\t\t\t\t\t\t\t\t\t<img fetchpriority=\"high\" decoding=\"async\" width=\"512\" height=\"512\" src=\"https:\/\/surtiriegofacatativa.com\/wp-content\/uploads\/2023\/04\/cropped-cropped-LOGO-SURTIRIEGO-2022-1.png\" class=\"attachment-large size-large wp-image-1300\" alt=\"\" srcset=\"https:\/\/surtiriegofacatativa.com\/wp-content\/uploads\/2023\/04\/cropped-cropped-LOGO-SURTIRIEGO-2022-1.png 512w, https:\/\/surtiriegofacatativa.com\/wp-content\/uploads\/2023\/04\/cropped-cropped-LOGO-SURTIRIEGO-2022-1-300x300.png 300w, https:\/\/surtiriegofacatativa.com\/wp-content\/uploads\/2023\/04\/cropped-cropped-LOGO-SURTIRIEGO-2022-1-150x150.png 150w, https:\/\/surtiriegofacatativa.com\/wp-content\/uploads\/2023\/04\/elementor\/thumbs\/cropped-cropped-LOGO-SURTIRIEGO-2022-1-q5kvn979rbbm0qm6yqjqyurp1wldd4s86bumiou1uw.png 100w, https:\/\/surtiriegofacatativa.com\/wp-content\/uploads\/2023\/04\/cropped-cropped-LOGO-SURTIRIEGO-2022-1-270x270.png 270w, https:\/\/surtiriegofacatativa.com\/wp-content\/uploads\/2023\/04\/cropped-cropped-LOGO-SURTIRIEGO-2022-1-192x192.png 192w, https:\/\/surtiriegofacatativa.com\/wp-content\/uploads\/2023\/04\/cropped-cropped-LOGO-SURTIRIEGO-2022-1-180x180.png 180w, https:\/\/surtiriegofacatativa.com\/wp-content\/uploads\/2023\/04\/cropped-cropped-LOGO-SURTIRIEGO-2022-1-32x32.png 32w, https:\/\/surtiriegofacatativa.com\/wp-content\/uploads\/2023\/04\/elementor\/thumbs\/cropped-cropped-LOGO-SURTIRIEGO-2022-1-q5kvn978uf8ab8hw5jwddsmx9wfndbdfrheqwmz4u2.png 25w, https:\/\/surtiriegofacatativa.com\/wp-content\/uploads\/2023\/04\/elementor\/thumbs\/cropped-cropped-LOGO-SURTIRIEGO-2022-1-q5kvn9795dxe7qjbra45wtcij8hk196d8fk1fzlfuc.png 50w\" sizes=\"(max-width: 512px) 100vw, 512px\" \/>\t\t\t\t\t\t\t\t\t\t\t\t\t\t\t<\/div>\n\t\t\t\t<\/div>\n\t\t\t\t\t<\/div>\n\t\t\t\t<\/div>\n\t\t<div class=\"elementor-element elementor-element-1cf6576 e-flex e-con-boxed e-con e-parent\" data-id=\"1cf6576\" data-element_type=\"container\" data-e-type=\"container\" data-settings=\"{&quot;background_background&quot;:&quot;classic&quot;,&quot;_ob_use_container_extras&quot;:&quot;no&quot;,&quot;_ob_column_hoveranimator&quot;:&quot;no&quot;,&quot;_ob_glider_is_slider&quot;:&quot;no&quot;,&quot;_ob_column_has_pseudo&quot;:&quot;no&quot;}\">\n\t\t\t\t\t<div class=\"e-con-inner\">\n\t\t\t\t<div class=\"elementor-element elementor-element-5ba1dff ob-has-background-overlay elementor-widget elementor-widget-image\" data-id=\"5ba1dff\" data-element_type=\"widget\" data-e-type=\"widget\" data-settings=\"{&quot;_ob_photomorph_use&quot;:&quot;no&quot;,&quot;_ob_widget_stalker_use&quot;:&quot;no&quot;,&quot;_ob_poopart_use&quot;:&quot;yes&quot;,&quot;_ob_shadough_use&quot;:&quot;no&quot;,&quot;_ob_allow_hoveranimator&quot;:&quot;no&quot;}\" data-widget_type=\"image.default\">\n\t\t\t\t<div class=\"elementor-widget-container\">\n\t\t\t\t\t\t\t\t\t\t\t\t\t\t\t<img decoding=\"async\" width=\"1024\" height=\"768\" src=\"https:\/\/surtiriegofacatativa.com\/wp-content\/uploads\/2024\/10\/mision-vision-surtiriego.png\" class=\"attachment-full size-full wp-image-2122\" alt=\"\" srcset=\"https:\/\/surtiriegofacatativa.com\/wp-content\/uploads\/2024\/10\/mision-vision-surtiriego.png 1024w, https:\/\/surtiriegofacatativa.com\/wp-content\/uploads\/2024\/10\/mision-vision-surtiriego-300x225.png 300w, https:\/\/surtiriegofacatativa.com\/wp-content\/uploads\/2024\/10\/mision-vision-surtiriego-768x576.png 768w, https:\/\/surtiriegofacatativa.com\/wp-content\/uploads\/2024\/10\/mision-vision-surtiriego-320x240.png 320w, https:\/\/surtiriegofacatativa.com\/wp-content\/uploads\/2024\/10\/mision-vision-surtiriego-600x450.png 600w, https:\/\/surtiriegofacatativa.com\/wp-content\/uploads\/2024\/10\/mision-vision-surtiriego-48x36.png 48w\" sizes=\"(max-width: 1024px) 100vw, 1024px\" \/>\t\t\t\t\t\t\t\t\t\t\t\t\t\t\t<\/div>\n\t\t\t\t<\/div>\n\t\t\t\t\t<\/div>\n\t\t\t\t<\/div>\n\t\t\t\t<\/div>\n\t\t","protected":false},"excerpt":{"rendered":"<p>Nosotros Inicio Productos Nosotros Cont\u00e1ctenos Guada\u00f1as Motosierras Fumigadoras Generadores Motores Motobombas Inicio Productos Nosotros Cont\u00e1ctenos Humberger Toggle Menu<\/p>\n","protected":false},"author":1,"featured_media":0,"parent":0,"menu_order":0,"comment_status":"closed","ping_status":"closed","template":"elementor_canvas","meta":{"_mi_skip_tracking":false,"_monsterinsights_sitenote_active":false,"_monsterinsights_sitenote_note":"","_monsterinsights_sitenote_category":0,"_joinchat":[],"footnotes":""},"class_list":["post-1947","page","type-page","status-publish","hentry","thunk-woo-product-list","opn-qv-enable","top-store-woo-hover-","top-store-single-product-tab-horizontal","top-store-shadow-","top-store-shadow-hover-"],"aioseo_notices":[],"_links":{"self":[{"href":"https:\/\/surtiriegofacatativa.com\/index.php?rest_route=\/wp\/v2\/pages\/1947","targetHints":{"allow":["GET"]}}],"collection":[{"href":"https:\/\/surtiriegofacatativa.com\/index.php?rest_route=\/wp\/v2\/pages"}],"about":[{"href":"https:\/\/surtiriegofacatativa.com\/index.php?rest_route=\/wp\/v2\/types\/page"}],"author":[{"embeddable":true,"href":"https:\/\/surtiriegofacatativa.com\/index.php?rest_route=\/wp\/v2\/users\/1"}],"replies":[{"embeddable":true,"href":"https:\/\/surtiriegofacatativa.com\/index.php?rest_route=%2Fwp%2Fv2%2Fcomments&post=1947"}],"version-history":[{"count":58,"href":"https:\/\/surtiriegofacatativa.com\/index.php?rest_route=\/wp\/v2\/pages\/1947\/revisions"}],"predecessor-version":[{"id":3021,"href":"https:\/\/surtiriegofacatativa.com\/index.php?rest_route=\/wp\/v2\/pages\/1947\/revisions\/3021"}],"wp:attachment":[{"href":"https:\/\/surtiriegofacatativa.com\/index.php?rest_route=%2Fwp%2Fv2%2Fmedia&parent=1947"}],"curies":[{"name":"wp","href":"https:\/\/api.w.org\/{rel}","templated":true}]}}